 = -p - 5. Let t be w(6). Let l = t + 3. Let f = 1 - l. List the prime factors of f.
3
Let i be 8/5 + (-26)/(-65). Let u(d) = 3*d**3 + 44*d - d**i - 1 - 44*d. List the prime factors of u(2).
19
Let b(z) = 146*z - 34. What are the prime factors of b(5)?
2, 3, 29
Let l = 1141 - 472. List the prime factors of l.
3, 223
Suppose 0 = 18*f - 6294 - 8556. List the prime factors of f.
3, 5, 11
Suppose -72*a + 70*a + 1018 = 0. List the prime factors of a.
509
Let w(t) = 1. Let b(p) = 8*p - 15. Let i(y) = -b(y) + w(y). What are the prime factors of i(-5)?
2, 7
Let l(t) = 6*t - 3. Let j(z) = z**3 + 5*z**2 - 2*z - 1. Let c be j(-5). Let f be l(c). Let s = f - 29. What are the prime factors of s?
2, 11
Suppose 0 = 4*g + 2*f - 48, -3*f - 22 = -5*g + 16. Suppose 5*k = 6*k + 4. What are the prime factors of (-1 - 11)/k*g?
2, 3, 5
Let b be ((-2)/(-2))/(8/(-88)). Let t = b + 14. Suppose 3*y - 232 = -t*n - n, -5*n - 3*y + 287 = 0. What are the prime factors of n?
5, 11
Let l be -3 + -1 + (7 - 0). Suppose l*v - v = 250. Let c = v - 86. What are the prime factors of c?
3, 13
Suppose 0 = -4*z - 16, 7*g + 5*z + 260 = 11*g. List the prime factors of g.
2, 3, 5
Suppose 1024 = 5*l - 2*l - r, 5*l - 1690 = 5*r. List the prime factors of l.
7
Let n = -2356 - -3547. What are the prime factors of n?
3, 397
Suppose 5*o = -k + 873, 0 = 2*k + 5*o - 2*o - 1711. Suppose 0 = v + 4*f - 237, 4*v + f - k = 5*f. What are the prime factors of v?
7, 31
Let y(f) = -9*f**2 - 223*f - 5. List the prime factors of y(-13).
1373
Let q(p) = -141*p. Let s be q(-1). Suppose s*u = 143*u - 526. What are the prime factors of u?
263
Let x = 79 + -76. Suppose 29 = 3*i + x*c - c, -60 = -5*i - c. What are the prime factors of i?
13
Let y(p) = -482*p - 53. List the prime factors of y(-2).
911
What are the prime factors of (11 + -8 - (0 + 9))*-171?
2, 3, 19
Suppose -5*v + 4*m + 188 = 0, 4*v - 191 + 41 = 3*m. What are the prime factors of (-3 + 2)/1 + v?
5, 7
Let y = 132 - 137. List the prime factors of y*8*(-4)/(-40) + 110.
2, 53
Suppose -5*b = -0*b - 40. Suppose 2736 = b*l + 944. What are the prime factors of l?
2, 7
Suppose -5236 = -13*n - 894. List the prime factors of n.
2, 167
Let d = -62 + 28. Let a = d - -84. List the prime factors of a.
2, 5
List the prime factors of 4/14 + (-64812)/(-77) + -5.
3, 31
List the prime factors of -4 + 38 - 96/(-12).
2, 3, 7
Let o be ((-1)/(-2))/((-4)/(-8)). Suppose 5 - o = -u, -5*x + 45 = -5*u. Suppose g - 6*g = 4*v - 103, 85 = x*g - 5*v. What are the prime factors of g?
19
Let a = -965 + 3043. List the prime factors of a.
2, 1039
Let h = -42 - -13. Let w = h - -45. Suppose -4*d + w = 0, 2*i + 0*i + 5*d = 64. What are the prime factors of i?
2, 11
Let n = -116 - -118. List the prime factors of -24*((-52)/8 - 4) + n.
2, 127
List the prime factors of -4 - 2725/(-2 + 7)*-1.
541
Let v(f) = f**2 - 3*f + 4. Let m be v(-4). Suppose -5*g + m = -4*l - 100, -81 = -4*g - 5*l. What are the prime factors of g?
2, 3
Let d(s) = -s**2 - 6*s - 7. Let b be d(-5). List the prime factors of (-1)/b*1/(-1)*-386.
193
Suppose -768 - 296 = 2*a. Let j = a - -778. What are the prime factors of j?
2, 3, 41
Suppose 0 = 4*j - 92 + 296. Let d = 31 + j. Let p = d - -24. What are the prime factors of p?
2
Suppose -5*n - 3*q - 120 = 0, 5*n + 5*q + 104 + 16 = 0. List the prime factors of (-1)/2 + 3/(n/(-868)).
2, 3
Suppose -6 = -2*i, 18 = -5*c + 5*i - 7. Let f be (-5 - -3) + (-50)/c. Suppose v - 2 = f. What are the prime factors of v?
5
Suppose -2 = -5*j - y + 4, 18 = j - 4*y. Suppose 3*h = 3*g - 3, g = -3*h + h - 5. Let x = j - h. List the prime factors of x.
2
Let o(u) = -u**2 - 7*u - 7. Let k be o(-5). Suppose 4*z - 3*i - 372 = 0, -k*i = 3*z - 4*i - 279. List the prime factors of z.
3, 31
Let n be ((-105)/(-6))/((-2)/(-4)). Suppose -n - 42 = j. Let l = j - -110. What are the prime factors of l?
3, 11
Let j(v) = -v**3 - 2*v**2 - v. Let c be j(-2). Let u be (c*2)/(2/4). Suppose -4*x + 86 = 3*k, 0 = 4*k + u. What are the prime factors of x?
23
Let y = 891 - -397. What are the prime factors of y?
2, 7, 23
Let u = 7 - 60. Let q = u - -93. List the prime factors of q.
2, 5
Let x(v) = -2*v**3 - 101*v**2 - 65*v - 82. What are the prime factors of x(-50)?
2, 167
Let s = -627 + 1470. What are the prime factors of s?
3, 281
Let n(w) = 2*w**3 + 3*w**2 - 1. Let a be n(-3). Let s = -122 + 178. Let d = a + s. List the prime factors of d.
2, 7
Let b be (-3 + 4)*6/2. List the prime factors of ((-6)/4)/((-2535)/(-850) - b).
5, 17
Suppose -9 = -2*z - 3. Suppose -o = z*o - 116. Let a = 45 - o. List the prime factors of a.
2
Suppose -5 = 5*c + i - 39, -2*i = 2*c - 20. Suppose -k = 3*h - 6, -k + 4*k - c = -3*h. List the prime factors of h.
2
Suppose o - 4 = -o. Suppose -3*h = o*h. List the prime factors of 11 + (-1 - h) - -1.
11
Suppose 5*y + 4*r - 1 = -7, -4*r - 4 = 4*y. Let k be (-5)/(-2)*-4*y. Suppose d + 8 = 5*l, 6*d - d - 5*l = k. What are the prime factors of d?
7
Let c = -25 - -28. Suppose -2*g + z + 129 = 0, g - z = -c*z + 67. List the prime factors of g.
5, 13
Suppose -4*y + 4*o - 472 = 0, 190 = -3*y - 4*o - 164. Let r = -24 - y. What are the prime factors of r?
2, 47
What are the prime factors of (-11670)/75*2/((-8)/10)?
389
Let n be (7 - 0) + (-1 - 1). Suppose 3*t - 10 = n*d, -5*t - 2*d + 4 = 8. Suppose t*g - 24 = -3*g. What are the prime factors of g?
2
Suppose 3 - 15 = m. Let l be 9/m - (-58)/(-8). What are the prime factors of (-60)/l*(-18)/(-5)?
3
Let h = -28 - -30. Let t(g) = -g**3 + 3*g**2 - 4*g + 4. Let m be t(h). Suppose 6*k - k - 330 = m. What are the prime factors of k?
2, 3, 11
Let y(k) = k**3 - 21*k**2 - 23*k + 33. Let w be y(22). Let p(r) = 5*r + 5. What are the prime factors of p(w)?
2, 3, 5
Let n(q) = -q**2 + 10*q - 9. Let w be n(9). Suppose -6*o + 180 - 30 = w. List the prime factors of o.
5
Let y be 7/(21/6) - -6. Suppose 3*a + 180 = y*a. List the prime factors of a.
2, 3
Suppose 0 = -4*k + 11 + 13. Suppose -237 - k = -3*q. Let i = -57 + q. List the prime factors of i.
2, 3
Let v(i) = -240*i - 276. What are the prime factors of v(-11)?
2, 3, 197
Suppose 3*j = -18 - 3. Let u(g) = g**2 - g - 6. Let n be u(j). Suppose 2*l - 44 = -4*c, 4*c - n = -0*c + l. What are the prime factors of c?
2, 3
Let g = -5 + 0. Let c be g + -3 + 5 + -1. List the prime factors of -62*2/c + -2.
29
Let o = -60 - -96. Let k = o - 25. List the prime factors of k.
11
Suppose -2*c - 3*h + 27 = -8*h, -3*c + 24 = -2*h. List the prime factors of -614*(3/(-1))/c.
307
What are the prime factors of -18*(-8)/12*9/1?
2, 3
Let n(h) be the third derivative of 0*h - 1/60*h**5 + 0 - 1/24*h**4 - h**2 - 1/120*h**6 + 4/3*h**3. List the prime factors of n(0).
2
Let m(t) = -t. Let g = 12 - 12. Let d be m(g). Suppose -11 = -y - d*y. What are the prime factors of y?
11
Suppose -3*d = -48 + 33. Suppose -w - 1 = 0, 4*z - d*w = -w + 420. List the prime factors of z.
2, 13
Let h(j) = 37*j**2 + 1. Let g be h(1). Suppose g = -5*u + 178. List the prime factors of u.
2, 7
Suppose -5*r + 4*o = 5, 2*o + 2*o - 20 = 0. Let h = -9 + r. List the prime factors of (-28 + h/(-3))/(-1).
2, 13
Let c be (-1 - 0)*(21 + -8). Let p(l) = l**2 + 5*l - 23. What are the prime factors of p(c)?
3
List the prime factors of (-9)/(-6) + 3 + 4445/10.
449
Let y(g) = -g**2 - 9*g - 2. Let v(p) = -p - 6. Let a be v(-3). Let j be (a - (0 - -4))/1. List the prime factors of y(j).
2, 3
Let p = -73 - -74. What are the prime factors of 132/2 + p + 0?
67
Suppose 1461*t - 1460*t = 667. List the prime factors of t.
23, 29
Let h = 44 - -430. List the prime factors of h.
2, 3, 79
Let x = 3488 + -1517. List the prime factors of x.
3, 73
Suppose -4*s - 6103 = -3*j - 1420, -4689 = -3*j + 2*s. What are the prime factors of j?
5, 313
Let v be 3 + 1/(-1) + (-1 - 13). List the prime factors of ((-327)/v*-1)/(1/(-4)).
109
Suppose 4*c + 16 = 0, 5*c - 338 + 2 = -4*s. Suppose 0 = -4*z - 3*l + 365, -s = z - 2*z - 3*l. What are the prime factors of z?
2, 23
Let m = -10 - 0. Let f be ((-272)/(-10))/((-18)/(-45)). Let u = m + f. List the prime factors of u.
2, 29
Let d(j) = 2*j + 17. Let r be d(-9). Let h = 23 - r. List the prime factors of h.
2, 3
Let r(x) = 19 - 54*x + 10 + 15*x + 0*x**2 + 2*x**2. What are the prime factors of r(24)?
5, 7
Let p(d) = -d**3 - 6*d**2 - 11*d + 3. Let o(m) = -2*m**2 +